{"id":54,"date":"2021-05-25T20:07:05","date_gmt":"2021-05-25T18:07:05","guid":{"rendered":"http:\/\/liebherr-baggermodelle.de\/?page_id=54"},"modified":"2022-06-18T15:17:04","modified_gmt":"2022-06-18T13:17:04","slug":"home","status":"publish","type":"page","link":"http:\/\/liebherr-baggermodelle.de\/","title":{"rendered":"Home"},"content":{"rendered":"\n<p><br>Liebe Baggermodell-Freunde,<br>ein gefl\u00fcgeltes Wort lautet: \u201eAlles neue macht der Mai\u201c. Dies trifft auch auf die neue Homepage von liebherr-baggermermodell.de zu.<br>In einem ver\u00e4nderten Design, neu strukturiert, pr\u00e4sentiere ich Ihnen die nachfolgenden Seiten und hoffe,Sie haben auch weiterhin viel Spa\u00df und Freude, wenn Sie die neuen Inhalte betrachten.<br><br><strong>Wie fing alles an ?<\/strong><br>Welcher kleine Junge war nicht fasziniert, wenn er an einer Baustelle vorbei lief, auf der ein Bagger seiner Arbeit nachging und er diesen einige Minuten beobachten konnte.<br>So oder \u00e4hnlich war das auch bei mir !<br>Nur mit dem kleinen Unterschied, dass es zu DDR \u2013 Zeiten wenige Arten an Baumaschinen von Baggern gab. Man sah ja immer nur die gleichen Bagger, die man schon l\u00e4ngst kannte.<br>Dies \u00e4nderte sich schlagartig mit der Wende. Den Kinderschuhen war ich zu dieser Zeit schon l\u00e4ngst entwachsen ,aber die Faszination an Baumaschinen ist bis heute geblieben. Und so kommt es immer wieder mal vor, das ich hin und wieder ganz gezielt Baustellen \u201ebesuche\u201c auf denen Bagger der Fa.LIEBHERR zum Einsatz kommen.<br><br>Einige Jahre nach der Wende bekam ich durch das World Waid Web mit, dass es diese faszinierenden Baumaschinen auch als Modelle im Ma\u00dfstab 1:50 gibt.<br>Und mit diesem Tag, der f\u00fcr mich heute noch eine denkw\u00fcrdiger ist, begann meine Sammelleidenschaft. Es war ein reiner Zufall, dass ich zu dieser Zeit auf der Homepage von LIEBHERR gelandet bin. Ich war so begeistert \u00fcber die Vielfalt der angebotenen Modelle, dass ich bis heute dabei geblieben bin, Modelle von Baumaschinen &nbsp;dieser Firma zu sammeln.<br><br>Mein erstes Baggermodell bekam ich von meiner Frau geschenkt und es bildete den Grundstein f\u00fcr meine Sammlung. Kenner der Materie wissen ja, dass die \u00fcberwiegende Zahl der Modelle im Ma\u00dfstab 1:50 von CONRAD,NZG und WSI hergestellt und vertrieben werden. Mit diesem ersten Modell begann in unregelm\u00e4\u00dfigen Abst\u00e4nden das Durchforsten der Homepage dieser Hersteller.<br>Ich war auch ein st\u00e4ndiger Gast auf den Seiten von LIBHERR.com, speziell dem Shop der Firma. Weitere M\u00f6glichkeiten, um an begehrte Modelle zu gelangen bieten eBay und eBay Kleinanzeigen und diverse Seiten im Netz von Modellshops.<br>Wobei ich hier erw\u00e4hnen muss, das es bei eBay schon mal sehr grenzwertig zu geht, was die Preise betrifft, die letztendlich nach einer Auktion erzielt werden. Ein kleiner Geheimtipp von mir, hin und wieder kann man, wenn man etwas Gl\u00fcck hat wahre Schn\u00e4ppchen bei eBay Kleinanzeigen ergattern.<br><br>Ich habe mich von Anfang an &nbsp;in meiner Sammelleidenschaft &nbsp;auf ganz spezielle Modelle beschr\u00e4nkt &nbsp;um nicht in ein uferloses Sammeln zu verfallen.<br>Ich sammle haupts\u00e4chlich Baggermodelle, die einen Raupenantrieb besitzen und&nbsp; in den Firmenfarben von LIEBHERR lackiert sind.<\/p>\n\n\n\n<p>Nach und nach werde ich auf den kommenden Seiten meine Modell pr\u00e4sentieren und hoffe, Sie haben auch weiterhin viel Spa\u00df und Freude auf dieser Homepage.<\/p>\n\n\n\n<p>In diesem Sinne verbleibe ich Ihr<br>Ullrich Triemer<\/p>\n\n\n\n<p><a rel=\"noreferrer noopener\" href=\"http:\/\/liebherr-baggermodelle.de\/?page_id=59\" target=\"_blank\">LIEBHERR Modelle<\/a><br><a rel=\"noreferrer noopener\" href=\"http:\/\/liebherr-baggermodelle.de\/?page_id=433\" target=\"_blank\">LIEBHERR Modell Videos<\/a><br><a href=\"http:\/\/liebherr-baggermodelle.de\/?page_id=254\">Hinweis in eigener Sache<\/a><br><br><strong>NEWS<\/strong><br><a href=\"http:\/\/liebherr-baggermodelle.de\/?page_id=713\">LIEBHERR PR 736 G8<\/a><br><a href=\"http:\/\/liebherr-baggermodelle.de\/?page_id=731\">LIEBHERR PR 776 Wei\u00df<\/a><br><a href=\"http:\/\/liebherr-baggermodelle.de\/?page_id=777\">LIEBHERR R 954 Litronic<\/a><br><a href=\"http:\/\/liebherr-baggermodelle.de\/?page_id=802\">LIEBHERR R 932 Litronic Umschlag<\/a><\/p>\n","protected":false},"excerpt":{"rendered":"<p>Liebe Baggermodell-Freunde,ein gefl\u00fcgeltes Wort lautet: \u201eAlles neue macht der Mai\u201c. Dies trifft auch auf die neue Homepage von liebherr-baggermermodell.de zu.In einem ver\u00e4nderten Design, neu strukturiert, pr\u00e4sentiere ich Ihnen die nachfolgenden Seiten und hoffe,Sie haben auch weiterhin viel Spa\u00df und Freude, &hellip; <a href=\"http:\/\/liebherr-baggermodelle.de\/\">Weiterlesen <span class=\"meta-nav\">&rarr;<\/span><\/a><\/p>\n","protected":false},"author":1,"featured_media":48,"parent":0,"menu_order":1,"comment_status":"closed","ping_status":"closed","template":"","meta":[],"_links":{"self":[{"href":"http:\/\/liebherr-baggermodelle.de\/index.php?rest_route=\/wp\/v2\/pages\/54"}],"collection":[{"href":"http:\/\/liebherr-baggermodelle.de\/index.php?rest_route=\/wp\/v2\/pages"}],"about":[{"href":"http:\/\/liebherr-baggermodelle.de\/index.php?rest_route=\/wp\/v2\/types\/page"}],"author":[{"embeddable":true,"href":"http:\/\/liebherr-baggermodelle.de\/index.php?rest_route=\/wp\/v2\/users\/1"}],"replies":[{"embeddable":true,"href":"http:\/\/liebherr-baggermodelle.de\/index.php?rest_route=%2Fwp%2Fv2%2Fcomments&post=54"}],"version-history":[{"count":9,"href":"http:\/\/liebherr-baggermodelle.de\/index.php?rest_route=\/wp\/v2\/pages\/54\/revisions"}],"predecessor-version":[{"id":814,"href":"http:\/\/liebherr-baggermodelle.de\/index.php?rest_route=\/wp\/v2\/pages\/54\/revisions\/814"}],"wp:featuredmedia":[{"embeddable":true,"href":"http:\/\/liebherr-baggermodelle.de\/index.php?rest_route=\/wp\/v2\/media\/48"}],"wp:attachment":[{"href":"http:\/\/liebherr-baggermodelle.de\/index.php?rest_route=%2Fwp%2Fv2%2Fmedia&parent=54"}],"curies":[{"name":"wp","href":"https:\/\/api.w.org\/{rel}","templated":true}]}}